{"id":27,"date":"2022-11-01T13:41:59","date_gmt":"2022-11-01T12:41:59","guid":{"rendered":"http:\/\/laurenm.cluster029.hosting.ovh.net\/laurenm795\/?page_id=27"},"modified":"2025-07-04T21:00:31","modified_gmt":"2025-07-04T19:00:31","slug":"prenez-rendez-vous","status":"publish","type":"page","link":"https:\/\/www.laurence-dieteticienne.com\/index.php\/prenez-rendez-vous\/","title":{"rendered":"Prenez rendez-vous"},"content":{"rendered":"\t\t<div data-elementor-type=\"wp-page\" data-elementor-id=\"27\" class=\"elementor elementor-27\">\n\t\t\t\t\t\t<section class=\"elementor-section elementor-top-section elementor-element elementor-element-43dca33 elementor-section-boxed elementor-section-height-default elementor-section-height-default\" data-id=\"43dca33\" data-element_type=\"section\" data-e-type=\"section\">\n\t\t\t\t\t\t<div class=\"elementor-container elementor-column-gap-default\">\n\t\t\t\t\t<div class=\"elementor-column elementor-col-33 elementor-top-column elementor-element elementor-element-0979626\" data-id=\"0979626\" data-element_type=\"column\" data-e-type=\"column\">\n\t\t\t<div class=\"elementor-widget-wrap elementor-element-populated\">\n\t\t\t\t\t\t<div class=\"elementor-element elementor-element-330a195 elementor-widget elementor-widget-text-editor\" data-id=\"330a195\" data-element_type=\"widget\" data-e-type=\"widget\" data-widget_type=\"text-editor.default\">\n\t\t\t\t<div class=\"elementor-widget-container\">\n\t\t\t\t\t\t\t\t\t<h4><strong><a href=\"https:\/\/www.doctolib.fr\/dieteticien\/marseille\/laurence-devolder\"><span style=\"text-decoration: underline;\">Rendez-vous en ligne&nbsp;sur Doctolib<\/span><\/a><\/strong><\/h4>\n<p>Vous avez besoin d\u2019\u00eatre accompagn\u00e9 pour trouver un \u00e9quilibre serein dans votre alimentation.<br>Je vous invite \u00e0 consulter mon calendrier afin de prendre rendez-vous pour un 1er bilan nutritionnel ou un suivi de consultation.<\/p>\n<p><span style=\"text-decoration: underline;\">Les consultations<\/span> sont <strong>accessibles \u00e0 tous<\/strong> dans le monde entier en t\u00e9l\u00e9consultation ou en cabinet sur Marseille.<\/p>\n<p><strong><a href=\"https:\/\/www.doctolib.fr\/dieteticien\/marseille\/laurence-devolder\"><span style=\"text-decoration: underline;\">Prenez rendez-vous en ligne&nbsp;sur Doctolib<\/span><\/a><\/strong><\/p>\n<p><strong>Les t\u00e9l\u00e9consultations&nbsp;<\/strong>(consultation via webcam)&nbsp; sont ouvertes \u00e0 tous, o\u00f9 que vous soyez.<br>Elles sont identiques aux consultations en cabinet :&nbsp; la pes\u00e9e et\/ou prises des mensurations qui seront \u00e0 faire seul(e).<\/p>\n<p class=\"font_7\"><strong>Horaires :<\/strong><\/p>\n<p class=\"font_7\">\u2013 Lundi : 08:00 &#8211; 20:00<br>\u2013 Mardi : 08:00 &#8211; 20:00<br>\u2013 Mercredi : 08:00 &#8211; 20:00<br>\u2013 Jeudi : 08:00 &#8211; 20:00<br>Exceptionnellement des cr\u00e9neaux de consultations peuvent \u00eatre ouverts les vendredis, samedis, dimanches sur demande et selon les disponibilit\u00e9s.<\/p>\t\t\t\t\t\t\t\t<\/div>\n\t\t\t\t<\/div>\n\t\t\t\t\t<\/div>\n\t\t<\/div>\n\t\t\t\t<div class=\"elementor-column elementor-col-66 elementor-top-column elementor-element elementor-element-422df4f\" data-id=\"422df4f\" data-element_type=\"column\" data-e-type=\"column\">\n\t\t\t<div class=\"elementor-widget-wrap elementor-element-populated\">\n\t\t\t\t\t\t<div class=\"elementor-element elementor-element-b419b0c elementor-widget elementor-widget-image\" data-id=\"b419b0c\" data-element_type=\"widget\" data-e-type=\"widget\" data-widget_type=\"image.default\">\n\t\t\t\t<div class=\"elementor-widget-container\">\n\t\t\t\t\t\t\t\t\t\t\t\t\t\t\t<img fetchpriority=\"high\" decoding=\"async\" width=\"768\" height=\"768\" src=\"https:\/\/www.laurence-dieteticienne.com\/wp-content\/uploads\/2022\/11\/Post-change-habits-diet-colorful-768x768.jpg\" class=\"attachment-medium_large size-medium_large wp-image-1379\" alt=\"\" srcset=\"https:\/\/www.laurence-dieteticienne.com\/wp-content\/uploads\/2022\/11\/Post-change-habits-diet-colorful-768x768.jpg 768w, https:\/\/www.laurence-dieteticienne.com\/wp-content\/uploads\/2022\/11\/Post-change-habits-diet-colorful-300x300.jpg 300w, https:\/\/www.laurence-dieteticienne.com\/wp-content\/uploads\/2022\/11\/Post-change-habits-diet-colorful-100x100.jpg 100w, https:\/\/www.laurence-dieteticienne.com\/wp-content\/uploads\/2022\/11\/Post-change-habits-diet-colorful-600x600.jpg 600w, https:\/\/www.laurence-dieteticienne.com\/wp-content\/uploads\/2022\/11\/Post-change-habits-diet-colorful-1024x1024.jpg 1024w, https:\/\/www.laurence-dieteticienne.com\/wp-content\/uploads\/2022\/11\/Post-change-habits-diet-colorful-150x150.jpg 150w, https:\/\/www.laurence-dieteticienne.com\/wp-content\/uploads\/2022\/11\/Post-change-habits-diet-colorful.jpg 1080w\" sizes=\"(max-width: 768px) 100vw, 768px\" \/>\t\t\t\t\t\t\t\t\t\t\t\t\t\t\t<\/div>\n\t\t\t\t<\/div>\n\t\t\t\t<div class=\"elementor-element elementor-element-18f7470 elementor-widget elementor-widget-text-editor\" data-id=\"18f7470\" data-element_type=\"widget\" data-e-type=\"widget\" data-widget_type=\"text-editor.default\">\n\t\t\t\t<div class=\"elementor-widget-container\">\n\t\t\t\t\t\t\t\t\t<p><span style=\"text-decoration: underline;\">Consultation \u00e0 distance et en cabinet<br \/><\/span>1\/ R\u00e9sidence ch\u00e2teau sec<br \/>B\u00e2timent le Soleil<br \/>10 traverse de la gaye<br \/>13009 Marseille<br \/><br \/>2\/ Centre du poids et du diab\u00e8te<br \/>10 rue edmond rostand<br \/>13006 Marseille<\/p><p><span style=\"text-decoration: underline;\">T\u00e9l\u00e9phone :\u00a0<br \/><\/span>0757676269<\/p><p><span style=\"text-decoration: underline;\">Email :\u00a0<br \/><\/span>contact@laurence-dieteticienne.com<\/p>\t\t\t\t\t\t\t\t<\/div>\n\t\t\t\t<\/div>\n\t\t\t\t<div class=\"elementor-element elementor-element-e423dbc elementor-align-center elementor-widget elementor-widget-button\" data-id=\"e423dbc\" data-element_type=\"widget\" data-e-type=\"widget\" data-widget_type=\"button.default\">\n\t\t\t\t<div class=\"elementor-widget-container\">\n\t\t\t\t\t\t\t\t\t<div class=\"elementor-button-wrapper\">\n\t\t\t\t\t<a class=\"elementor-button elementor-button-link elementor-size-xl\" href=\"https:\/\/monsuividietplus.com\/dieteticien\/laurence-devolder\" target=\"_blank\" rendez=\"\" t=\"\">\n\t\t\t\t\t\t<span class=\"elementor-button-content-wrapper\">\n\t\t\t\t\t\t\t\t\t<span class=\"elementor-button-text\">Cliquez-ici pour r\u00e9server votre rendez-vous<\/span>\n\t\t\t\t\t<\/span>\n\t\t\t\t\t<\/a>\n\t\t\t\t<\/div>\n\t\t\t\t\t\t\t\t<\/div>\n\t\t\t\t<\/div>\n\t\t\t\t\t<\/div>\n\t\t<\/div>\n\t\t\t\t\t<\/div>\n\t\t<\/section>\n\t\t\t\t<\/div>\n\t\t","protected":false},"excerpt":{"rendered":"<p>Rendez-vous en ligne&nbsp;sur Doctolib Vous avez besoin d\u2019\u00eatre accompagn\u00e9 pour trouver un \u00e9quilibre serein dans votre alimentation.Je vous invite \u00e0 consulter mon calendrier afin de &hellip; <\/p>\n","protected":false},"author":1,"featured_media":0,"parent":0,"menu_order":0,"comment_status":"closed","ping_status":"closed","template":"","meta":{"_uag_custom_page_level_css":"","footnotes":""},"class_list":["post-27","page","type-page","status-publish","hentry"],"uagb_featured_image_src":{"full":false,"thumbnail":false,"medium":false,"medium_large":false,"large":false,"1536x1536":false,"2048x2048":false,"yummy-recipe-slider":false,"yummy-recipe-blog-three":false,"yummy-recipe-blog-four":false,"vilva-slider-one":false,"vilva-featured-four":false,"vilva-blog":false,"vilva-blog-one":false,"vilva-sidebar":false,"woocommerce_thumbnail":false,"woocommerce_single":false,"woocommerce_gallery_thumbnail":false},"uagb_author_info":{"display_name":"Laurence DEVOLDER","author_link":"https:\/\/www.laurence-dieteticienne.com\/index.php\/author\/admin7317\/"},"uagb_comment_info":0,"uagb_excerpt":"Rendez-vous en ligne&nbsp;sur Doctolib Vous avez besoin d\u2019\u00eatre accompagn\u00e9 pour trouver un \u00e9quilibre serein dans votre alimentation.Je vous invite \u00e0 consulter mon calendrier afin de &hellip;","_links":{"self":[{"href":"https:\/\/www.laurence-dieteticienne.com\/index.php\/wp-json\/wp\/v2\/pages\/27","targetHints":{"allow":["GET"]}}],"collection":[{"href":"https:\/\/www.laurence-dieteticienne.com\/index.php\/wp-json\/wp\/v2\/pages"}],"about":[{"href":"https:\/\/www.laurence-dieteticienne.com\/index.php\/wp-json\/wp\/v2\/types\/page"}],"author":[{"embeddable":true,"href":"https:\/\/www.laurence-dieteticienne.com\/index.php\/wp-json\/wp\/v2\/users\/1"}],"replies":[{"embeddable":true,"href":"https:\/\/www.laurence-dieteticienne.com\/index.php\/wp-json\/wp\/v2\/comments?post=27"}],"version-history":[{"count":59,"href":"https:\/\/www.laurence-dieteticienne.com\/index.php\/wp-json\/wp\/v2\/pages\/27\/revisions"}],"predecessor-version":[{"id":2371,"href":"https:\/\/www.laurence-dieteticienne.com\/index.php\/wp-json\/wp\/v2\/pages\/27\/revisions\/2371"}],"wp:attachment":[{"href":"https:\/\/www.laurence-dieteticienne.com\/index.php\/wp-json\/wp\/v2\/media?parent=27"}],"curies":[{"name":"wp","href":"https:\/\/api.w.org\/{rel}","templated":true}]}}