{"id":26,"date":"2022-11-01T13:41:23","date_gmt":"2022-11-01T12:41:23","guid":{"rendered":"http:\/\/laurenm.cluster029.hosting.ovh.net\/laurenm795\/?page_id=26"},"modified":"2025-04-12T08:08:08","modified_gmt":"2025-04-12T06:08:08","slug":"contactez-moi","status":"publish","type":"page","link":"https:\/\/www.laurence-dieteticienne.com\/index.php\/contactez-moi\/","title":{"rendered":"Contactez-moi"},"content":{"rendered":"\t\t<div data-elementor-type=\"wp-page\" data-elementor-id=\"26\" class=\"elementor elementor-26\">\n\t\t\t\t\t\t<section class=\"elementor-section elementor-top-section elementor-element elementor-element-aa84ee4 elementor-section-boxed elementor-section-height-default elementor-section-height-default\" data-id=\"aa84ee4\" data-element_type=\"section\" data-e-type=\"section\">\n\t\t\t\t\t\t<div class=\"elementor-container elementor-column-gap-default\">\n\t\t\t\t\t<div class=\"elementor-column elementor-col-100 elementor-top-column elementor-element elementor-element-17c9f1d\" data-id=\"17c9f1d\" data-element_type=\"column\" data-e-type=\"column\">\n\t\t\t<div class=\"elementor-widget-wrap\">\n\t\t\t\t\t\t\t<\/div>\n\t\t<\/div>\n\t\t\t\t\t<\/div>\n\t\t<\/section>\n\t\t\t\t<section class=\"elementor-section elementor-top-section elementor-element elementor-element-6b76f26 elementor-section-boxed elementor-section-height-default elementor-section-height-default\" data-id=\"6b76f26\" data-element_type=\"section\" data-e-type=\"section\">\n\t\t\t\t\t\t<div class=\"elementor-container elementor-column-gap-default\">\n\t\t\t\t\t<div class=\"elementor-column elementor-col-100 elementor-top-column elementor-element elementor-element-fcb97d9\" data-id=\"fcb97d9\" data-element_type=\"column\" data-e-type=\"column\">\n\t\t\t<div class=\"elementor-widget-wrap elementor-element-populated\">\n\t\t\t\t\t\t<div class=\"elementor-element elementor-element-bf03d55 elementor-widget elementor-widget-text-editor\" data-id=\"bf03d55\" data-element_type=\"widget\" data-e-type=\"widget\" data-widget_type=\"text-editor.default\">\n\t\t\t\t<div class=\"elementor-widget-container\">\n\t\t\t\t\t\t\t\t\t<p>Pour faciliter la prise de rendez-vous et centraliser nos \u00e9changes, j&rsquo;utilise la plateforme <strong>Doctolib<\/strong>. Vous pourrez y planifier vos consultations et m&rsquo;envoyer vos documents en toute confidentialit\u00e9. <br \/>Une fois votre rendez-vous confirm\u00e9, je vous enverrai un message pour t\u00e9l\u00e9charger l&rsquo;application <strong>Mon Suivi Diet,<\/strong> un outil pr\u00e9cieux pour votre accompagnement personnalis\u00e9.<br \/>Pour installer l\u2019application MonSuiviDiet sur votre smartphone il faut se rendre sur Google Play ou l&rsquo; App Store en entrant votre num\u00e9ro utilis\u00e9 au moment de l\u2019inscription.<\/p>\t\t\t\t\t\t\t\t<\/div>\n\t\t\t\t<\/div>\n\t\t\t\t\t<\/div>\n\t\t<\/div>\n\t\t\t\t\t<\/div>\n\t\t<\/section>\n\t\t\t\t<section class=\"elementor-section elementor-top-section elementor-element elementor-element-3c5c09d elementor-section-boxed elementor-section-height-default elementor-section-height-default\" data-id=\"3c5c09d\" data-element_type=\"section\" data-e-type=\"section\">\n\t\t\t\t\t\t<div class=\"elementor-container elementor-column-gap-default\">\n\t\t\t\t\t<div class=\"elementor-column elementor-col-25 elementor-top-column elementor-element elementor-element-e26e5e2\" data-id=\"e26e5e2\" data-element_type=\"column\" data-e-type=\"column\">\n\t\t\t<div class=\"elementor-widget-wrap elementor-element-populated\">\n\t\t\t\t\t\t<div class=\"elementor-element elementor-element-5745a98 elementor-widget elementor-widget-image\" data-id=\"5745a98\" data-element_type=\"widget\" data-e-type=\"widget\" data-widget_type=\"image.default\">\n\t\t\t\t<div class=\"elementor-widget-container\">\n\t\t\t\t\t\t\t\t\t\t\t\t\t\t\t<img fetchpriority=\"high\" decoding=\"async\" width=\"250\" height=\"250\" src=\"https:\/\/www.laurence-dieteticienne.com\/wp-content\/uploads\/2022\/10\/cropped-cropped-cropped-cropped-cropped-logo-laurence-V12-1-1.jpg\" class=\"attachment-large size-large wp-image-1470\" alt=\"\" srcset=\"https:\/\/www.laurence-dieteticienne.com\/wp-content\/uploads\/2022\/10\/cropped-cropped-cropped-cropped-cropped-logo-laurence-V12-1-1.jpg 250w, https:\/\/www.laurence-dieteticienne.com\/wp-content\/uploads\/2022\/10\/cropped-cropped-cropped-cropped-cropped-logo-laurence-V12-1-1-100x100.jpg 100w, https:\/\/www.laurence-dieteticienne.com\/wp-content\/uploads\/2022\/10\/cropped-cropped-cropped-cropped-cropped-logo-laurence-V12-1-1-200x200.jpg 200w, https:\/\/www.laurence-dieteticienne.com\/wp-content\/uploads\/2022\/10\/cropped-cropped-cropped-cropped-cropped-logo-laurence-V12-1-1-150x150.jpg 150w\" sizes=\"(max-width: 250px) 100vw, 250px\" \/>\t\t\t\t\t\t\t\t\t\t\t\t\t\t\t<\/div>\n\t\t\t\t<\/div>\n\t\t\t\t\t<\/div>\n\t\t<\/div>\n\t\t\t\t<div class=\"elementor-column elementor-col-25 elementor-top-column elementor-element elementor-element-0b6b6bf\" data-id=\"0b6b6bf\" data-element_type=\"column\" data-e-type=\"column\">\n\t\t\t<div class=\"elementor-widget-wrap elementor-element-populated\">\n\t\t\t\t\t\t<div class=\"elementor-element elementor-element-adb0f17 elementor-widget elementor-widget-text-editor\" data-id=\"adb0f17\" data-element_type=\"widget\" data-e-type=\"widget\" data-widget_type=\"text-editor.default\">\n\t\t\t\t<div class=\"elementor-widget-container\">\n\t\t\t\t\t\t\t\t\t<p><u><strong>Mon num\u00e9ro ADELI : <\/strong><\/u>139511430<br \/><br \/><strong><span style=\"text-decoration: underline;\">Mon num\u00e9ro RPPS<br \/><\/span><\/strong>100841479<strong><span style=\"text-decoration: underline;\"><br \/><\/span><\/strong><\/p>\n<p><em>N&rsquo;oubliez pas de demander une prise en charge\u00a0 \u00e0 votre mutuelle.<br \/><\/em><\/p>\t\t\t\t\t\t\t\t<\/div>\n\t\t\t\t<\/div>\n\t\t\t\t<div class=\"elementor-element elementor-element-bcbf4f5 elementor-widget elementor-widget-image\" data-id=\"bcbf4f5\" data-element_type=\"widget\" data-e-type=\"widget\" data-widget_type=\"image.default\">\n\t\t\t\t<div class=\"elementor-widget-container\">\n\t\t\t\t\t\t\t\t\t\t\t\t\t\t\t<img decoding=\"async\" width=\"64\" height=\"64\" src=\"https:\/\/www.laurence-dieteticienne.com\/wp-content\/uploads\/2022\/11\/smile.png\" class=\"attachment-large size-large wp-image-1585\" alt=\"\" srcset=\"https:\/\/www.laurence-dieteticienne.com\/wp-content\/uploads\/2022\/11\/smile.png 64w, https:\/\/www.laurence-dieteticienne.com\/wp-content\/uploads\/2022\/11\/smile-60x60.png 60w\" sizes=\"(max-width: 64px) 100vw, 64px\" \/>\t\t\t\t\t\t\t\t\t\t\t\t\t\t\t<\/div>\n\t\t\t\t<\/div>\n\t\t\t\t\t<\/div>\n\t\t<\/div>\n\t\t\t\t<div class=\"elementor-column elementor-col-25 elementor-top-column elementor-element elementor-element-6995b00\" data-id=\"6995b00\" data-element_type=\"column\" data-e-type=\"column\">\n\t\t\t<div class=\"elementor-widget-wrap elementor-element-populated\">\n\t\t\t\t\t\t<div class=\"elementor-element elementor-element-9f5edc4 elementor-widget elementor-widget-button\" data-id=\"9f5edc4\" data-element_type=\"widget\" data-e-type=\"widget\" data-widget_type=\"button.default\">\n\t\t\t\t<div class=\"elementor-widget-container\">\n\t\t\t\t\t\t\t\t\t<div class=\"elementor-button-wrapper\">\n\t\t\t\t\t<a class=\"elementor-button elementor-button-link elementor-size-lg\" href=\"https:\/\/www.doctolib.fr\/dieteticien\/marseille\/laurence-devolder\/booking\/motive-categories?placeId=practice-369065&#038;specialityId=414&#038;telehealth=false\" target=\"_blank\">\n\t\t\t\t\t\t<span class=\"elementor-button-content-wrapper\">\n\t\t\t\t\t\t\t\t\t<span class=\"elementor-button-text\">Prenez Rendez-vous en ligne<\/span>\n\t\t\t\t\t<\/span>\n\t\t\t\t\t<\/a>\n\t\t\t\t<\/div>\n\t\t\t\t\t\t\t\t<\/div>\n\t\t\t\t<\/div>\n\t\t\t\t<div class=\"elementor-element elementor-element-e7112ba elementor-widget elementor-widget-text-editor\" data-id=\"e7112ba\" data-element_type=\"widget\" data-e-type=\"widget\" data-widget_type=\"text-editor.default\">\n\t\t\t\t<div class=\"elementor-widget-container\">\n\t\t\t\t\t\t\t\t\t<p><span style=\"text-decoration: underline;\">Email :\u00a0<br \/><\/span>contact@laurence-dieteticienne.com<br \/><span><span style=\"text-decoration: underline;\">T\u00e9l\u00e9phone<\/span> :\u00a0 <\/span>0757676269<\/p>\t\t\t\t\t\t\t\t<\/div>\n\t\t\t\t<\/div>\n\t\t\t\t<div class=\"elementor-element elementor-element-4d1d2b2 elementor-widget elementor-widget-image\" data-id=\"4d1d2b2\" data-element_type=\"widget\" data-e-type=\"widget\" data-widget_type=\"image.default\">\n\t\t\t\t<div class=\"elementor-widget-container\">\n\t\t\t\t\t\t\t\t\t\t\t\t\t\t\t<img decoding=\"async\" width=\"64\" height=\"64\" src=\"https:\/\/www.laurence-dieteticienne.com\/wp-content\/uploads\/2022\/11\/calendar.png\" class=\"attachment-large size-large wp-image-1583\" alt=\"\" srcset=\"https:\/\/www.laurence-dieteticienne.com\/wp-content\/uploads\/2022\/11\/calendar.png 64w, https:\/\/www.laurence-dieteticienne.com\/wp-content\/uploads\/2022\/11\/calendar-60x60.png 60w\" sizes=\"(max-width: 64px) 100vw, 64px\" \/>\t\t\t\t\t\t\t\t\t\t\t\t\t\t\t<\/div>\n\t\t\t\t<\/div>\n\t\t\t\t\t<\/div>\n\t\t<\/div>\n\t\t\t\t<div class=\"elementor-column elementor-col-25 elementor-top-column elementor-element elementor-element-975f050\" data-id=\"975f050\" data-element_type=\"column\" data-e-type=\"column\">\n\t\t\t<div class=\"elementor-widget-wrap elementor-element-populated\">\n\t\t\t\t\t\t<div class=\"elementor-element elementor-element-1aa7ee2 elementor-widget elementor-widget-text-editor\" data-id=\"1aa7ee2\" data-element_type=\"widget\" data-e-type=\"widget\" data-widget_type=\"text-editor.default\">\n\t\t\t\t<div class=\"elementor-widget-container\">\n\t\t\t\t\t\t\t\t\t<p><span style=\"text-decoration-line: underline;\">Consultation \u00e0 distance et en cabinet dans le 9e et dans le 6e<\/span><\/p>\n<ul>\n<li>R\u00e9sidence ch\u00e2teau sec<br \/>B\u00e2timent le Soleil<br \/>10 traverse de la gaye<br \/>13009 Marseille<\/li>\n<li>Centre du poids et du diab\u00e8te<br \/>10 rue edmond rostand<br \/>13006 Marseille<\/li>\n<\/ul>\t\t\t\t\t\t\t\t<\/div>\n\t\t\t\t<\/div>\n\t\t\t\t<div class=\"elementor-element elementor-element-cafe0cc elementor-widget elementor-widget-image\" data-id=\"cafe0cc\" data-element_type=\"widget\" data-e-type=\"widget\" data-widget_type=\"image.default\">\n\t\t\t\t<div class=\"elementor-widget-container\">\n\t\t\t\t\t\t\t\t\t\t\t\t\t\t\t<img loading=\"lazy\" decoding=\"async\" width=\"64\" height=\"64\" src=\"https:\/\/www.laurence-dieteticienne.com\/wp-content\/uploads\/2022\/11\/training01.png\" class=\"attachment-medium size-medium wp-image-1582\" alt=\"\" srcset=\"https:\/\/www.laurence-dieteticienne.com\/wp-content\/uploads\/2022\/11\/training01.png 64w, https:\/\/www.laurence-dieteticienne.com\/wp-content\/uploads\/2022\/11\/training01-60x60.png 60w\" sizes=\"(max-width: 64px) 100vw, 64px\" \/>\t\t\t\t\t\t\t\t\t\t\t\t\t\t\t<\/div>\n\t\t\t\t<\/div>\n\t\t\t\t<div class=\"elementor-element elementor-element-3a6c160 elementor-widget elementor-widget-text-editor\" data-id=\"3a6c160\" data-element_type=\"widget\" data-e-type=\"widget\" data-widget_type=\"text-editor.default\">\n\t\t\t\t<div class=\"elementor-widget-container\">\n\t\t\t\t\t\t\t\t\t<p><\/p>\n<p><br \/><br \/><\/p>\n<p><\/p>\t\t\t\t\t\t\t\t<\/div>\n\t\t\t\t<\/div>\n\t\t\t\t\t<\/div>\n\t\t<\/div>\n\t\t\t\t\t<\/div>\n\t\t<\/section>\n\t\t\t\t<section class=\"elementor-section elementor-top-section elementor-element elementor-element-2c30219 elementor-section-boxed elementor-section-height-default elementor-section-height-default\" data-id=\"2c30219\" data-element_type=\"section\" data-e-type=\"section\">\n\t\t\t\t\t\t<div class=\"elementor-container elementor-column-gap-default\">\n\t\t\t\t\t<div class=\"elementor-column elementor-col-100 elementor-top-column elementor-element elementor-element-60b179f\" data-id=\"60b179f\" data-element_type=\"column\" data-e-type=\"column\">\n\t\t\t<div class=\"elementor-widget-wrap elementor-element-populated\">\n\t\t\t\t\t\t<div class=\"elementor-element elementor-element-c49fdc6 elementor-widget elementor-widget-image\" data-id=\"c49fdc6\" data-element_type=\"widget\" data-e-type=\"widget\" data-widget_type=\"image.default\">\n\t\t\t\t<div class=\"elementor-widget-container\">\n\t\t\t\t\t\t\t\t\t\t\t\t\t\t\t<img loading=\"lazy\" decoding=\"async\" width=\"1\" height=\"1\" src=\"https:\/\/www.laurence-dieteticienne.com\/wp-content\/uploads\/2025\/04\/2025-01-08-Laurence-dieteticienne-by-Ingrid-Meucci-67-1.jpg\" class=\"attachment-large size-large wp-image-2317\" alt=\"\" \/>\t\t\t\t\t\t\t\t\t\t\t\t\t\t\t<\/div>\n\t\t\t\t<\/div>\n\t\t\t\t\t<\/div>\n\t\t<\/div>\n\t\t\t\t\t<\/div>\n\t\t<\/section>\n\t\t\t\t<section class=\"elementor-section elementor-top-section elementor-element elementor-element-778bab6 elementor-section-boxed elementor-section-height-default elementor-section-height-default\" data-id=\"778bab6\" data-element_type=\"section\" data-e-type=\"section\">\n\t\t\t\t\t\t<div class=\"elementor-container elementor-column-gap-default\">\n\t\t\t\t\t<div class=\"elementor-column elementor-col-100 elementor-top-column elementor-element elementor-element-a84e69c\" data-id=\"a84e69c\" data-element_type=\"column\" data-e-type=\"column\">\n\t\t\t<div class=\"elementor-widget-wrap elementor-element-populated\">\n\t\t\t\t\t\t<div class=\"elementor-element elementor-element-45dd4a1 elementor-widget elementor-widget-image\" data-id=\"45dd4a1\" data-element_type=\"widget\" data-e-type=\"widget\" data-widget_type=\"image.default\">\n\t\t\t\t<div class=\"elementor-widget-container\">\n\t\t\t\t\t\t\t\t\t\t\t\t\t\t\t<img loading=\"lazy\" decoding=\"async\" width=\"1\" height=\"1\" src=\"https:\/\/www.laurence-dieteticienne.com\/wp-content\/uploads\/2025\/04\/2025-01-08-Laurence-dieteticienne-by-Ingrid-Meucci-67-1.jpg\" class=\"attachment-large size-large wp-image-2317\" alt=\"\" \/>\t\t\t\t\t\t\t\t\t\t\t\t\t\t\t<\/div>\n\t\t\t\t<\/div>\n\t\t\t\t\t<\/div>\n\t\t<\/div>\n\t\t\t\t\t<\/div>\n\t\t<\/section>\n\t\t\t\t<section class=\"elementor-section elementor-top-section elementor-element elementor-element-cee929b elementor-section-boxed elementor-section-height-default elementor-section-height-default\" data-id=\"cee929b\" data-element_type=\"section\" data-e-type=\"section\">\n\t\t\t\t\t\t<div class=\"elementor-container elementor-column-gap-default\">\n\t\t\t\t\t<div class=\"elementor-column elementor-col-100 elementor-top-column elementor-element elementor-element-8b38185\" data-id=\"8b38185\" data-element_type=\"column\" data-e-type=\"column\">\n\t\t\t<div class=\"elementor-widget-wrap elementor-element-populated\">\n\t\t\t\t\t\t<div class=\"elementor-element elementor-element-3ed3ab0 elementor-widget elementor-widget-image\" data-id=\"3ed3ab0\" data-element_type=\"widget\" data-e-type=\"widget\" data-widget_type=\"image.default\">\n\t\t\t\t<div class=\"elementor-widget-container\">\n\t\t\t\t\t\t\t\t\t\t\t\t\t\t\t<img loading=\"lazy\" decoding=\"async\" width=\"1\" height=\"1\" src=\"https:\/\/www.laurence-dieteticienne.com\/wp-content\/uploads\/2025\/04\/2025-01-08-Laurence-dieteticienne-by-Ingrid-Meucci-67-1.jpg\" class=\"attachment-medium size-medium wp-image-2317\" alt=\"\" \/>\t\t\t\t\t\t\t\t\t\t\t\t\t\t\t<\/div>\n\t\t\t\t<\/div>\n\t\t\t\t\t<\/div>\n\t\t<\/div>\n\t\t\t\t\t<\/div>\n\t\t<\/section>\n\t\t\t\t<section class=\"elementor-section elementor-top-section elementor-element elementor-element-51ed39e elementor-section-boxed elementor-section-height-default elementor-section-height-default\" data-id=\"51ed39e\" data-element_type=\"section\" data-e-type=\"section\">\n\t\t\t\t\t\t<div class=\"elementor-container elementor-column-gap-default\">\n\t\t\t\t\t<div class=\"elementor-column elementor-col-100 elementor-top-column elementor-element elementor-element-8e0519d\" data-id=\"8e0519d\" data-element_type=\"column\" data-e-type=\"column\">\n\t\t\t<div class=\"elementor-widget-wrap elementor-element-populated\">\n\t\t\t\t\t\t<div class=\"elementor-element elementor-element-867c45e elementor-widget elementor-widget-image\" data-id=\"867c45e\" data-element_type=\"widget\" data-e-type=\"widget\" data-widget_type=\"image.default\">\n\t\t\t\t<div class=\"elementor-widget-container\">\n\t\t\t\t\t\t\t\t\t\t\t\t\t\t\t<img loading=\"lazy\" decoding=\"async\" width=\"1\" height=\"1\" src=\"https:\/\/www.laurence-dieteticienne.com\/wp-content\/uploads\/2025\/04\/2025-01-08-Laurence-dieteticienne-by-Ingrid-Meucci-67-1.jpg\" class=\"attachment-large size-large wp-image-2317\" alt=\"\" \/>\t\t\t\t\t\t\t\t\t\t\t\t\t\t\t<\/div>\n\t\t\t\t<\/div>\n\t\t\t\t\t<\/div>\n\t\t<\/div>\n\t\t\t\t\t<\/div>\n\t\t<\/section>\n\t\t\t\t<\/div>\n\t\t","protected":false},"excerpt":{"rendered":"<p>Pour faciliter la prise de rendez-vous et centraliser nos \u00e9changes, j&rsquo;utilise la plateforme Doctolib. Vous pourrez y planifier vos consultations et m&rsquo;envoyer vos documents en &hellip; <\/p>\n","protected":false},"author":1,"featured_media":0,"parent":0,"menu_order":0,"comment_status":"closed","ping_status":"closed","template":"","meta":{"_uag_custom_page_level_css":"","footnotes":""},"class_list":["post-26","page","type-page","status-publish","hentry"],"uagb_featured_image_src":{"full":false,"thumbnail":false,"medium":false,"medium_large":false,"large":false,"1536x1536":false,"2048x2048":false,"yummy-recipe-slider":false,"yummy-recipe-blog-three":false,"yummy-recipe-blog-four":false,"vilva-slider-one":false,"vilva-featured-four":false,"vilva-blog":false,"vilva-blog-one":false,"vilva-sidebar":false,"woocommerce_thumbnail":false,"woocommerce_single":false,"woocommerce_gallery_thumbnail":false},"uagb_author_info":{"display_name":"Laurence DEVOLDER","author_link":"https:\/\/www.laurence-dieteticienne.com\/index.php\/author\/admin7317\/"},"uagb_comment_info":0,"uagb_excerpt":"Pour faciliter la prise de rendez-vous et centraliser nos \u00e9changes, j&rsquo;utilise la plateforme Doctolib. Vous pourrez y planifier vos consultations et m&rsquo;envoyer vos documents en &hellip;","_links":{"self":[{"href":"https:\/\/www.laurence-dieteticienne.com\/index.php\/wp-json\/wp\/v2\/pages\/26","targetHints":{"allow":["GET"]}}],"collection":[{"href":"https:\/\/www.laurence-dieteticienne.com\/index.php\/wp-json\/wp\/v2\/pages"}],"about":[{"href":"https:\/\/www.laurence-dieteticienne.com\/index.php\/wp-json\/wp\/v2\/types\/page"}],"author":[{"embeddable":true,"href":"https:\/\/www.laurence-dieteticienne.com\/index.php\/wp-json\/wp\/v2\/users\/1"}],"replies":[{"embeddable":true,"href":"https:\/\/www.laurence-dieteticienne.com\/index.php\/wp-json\/wp\/v2\/comments?post=26"}],"version-history":[{"count":82,"href":"https:\/\/www.laurence-dieteticienne.com\/index.php\/wp-json\/wp\/v2\/pages\/26\/revisions"}],"predecessor-version":[{"id":2337,"href":"https:\/\/www.laurence-dieteticienne.com\/index.php\/wp-json\/wp\/v2\/pages\/26\/revisions\/2337"}],"wp:attachment":[{"href":"https:\/\/www.laurence-dieteticienne.com\/index.php\/wp-json\/wp\/v2\/media?parent=26"}],"curies":[{"name":"wp","href":"https:\/\/api.w.org\/{rel}","templated":true}]}}